3432551
576030 (base 8) to base 5
22224413
What is -10101111101100110 (base 2) in base 14?
-24ad8
Convert 1110011110101111100 (base 2) to base 15.
958cc
What is -100331103 (base 4) in base 5?
-4210314
What is 2025b5 (base 14) in base 12?
442397
Convert -9904993 (base 10) to base 14.
-145b997
What is -224677 (base 12) in base 13?
-161c92
What is 1514200 (base 6) in base 11?
5aa3a
-fb0c5 (base 16) to base 3
-1221020112221
Convert 17e8b (base 16) to base 14.
27991
Convert b82053 (base 13) to base 4.
100131333311
What is -11a457 (base 15) in base 10?
-844732
Convert 1011100101000101100 (base 2) to base 14.
9c3c8
What is 100111011011010010001 (base 2) in base 10?
1291921
-20b515 (base 15) to base 9
-2832742
What is 1114505 (base 7) in base 6?
2545035
What is -100101110011000101100 (base 2) in base 4?
-10232120230
-39007 (base 11) to base 2
-1101101001100101
Convert 212021033321 (base 4) to base 14.
1484117
Convert -261161 (base 7) to base 6.
-1012155
Convert 214112410 (base 5) to base 12.
387a50
-410100242 (base 5) to base 14
-30b0bc
100fa4 (base 16) to base 4
10000332210
-12221210221211 (base 3) to base 7
-35622145
What is 27426850 (base 9) in base 5?
11431243120
1cc0c (base 15) to base 7
540402
What is 21134420 (base 5) in base 12?
86865
Convert 20014524 (base 6) to base 2.
10001001010000110100
Convert 20202221101022 (base 3) to base 10.
3600809
What is -1201021200021 (base 3) in base 9?
-1637607
What is -1203309 (base 11) in base 16?
-20036c
-607260 (base 12) to base 6
-52133400
-10135150 (base 8) to base 11
-1235524
4114113 (base 5) to base 14
1a4a3
Convert -5ab0 (base 14) to base 8.
-36732
-3333131221 (base 4) to base 6
-34232201
What is -1030033203 (base 4) in base 13?
-ac1b5
Convert 1274106 (base 14) to base 13.
1ac1378
Convert 323461 (base 12) to base 6.
25003001
164c3 (base 16) to base 14
253d9
What is 71660 (base 10) in base 3?
10122022002
Convert -12365a (base 12) to base 9.
-501547
Convert -110100100111110011 (base 2) to base 14.
-58799
What is -2133030 (base 4) in base 2?
-10011111001100
1011000000000001011 (base 2) to base 14
95511
Convert -27184 (base 9) to base 15.
-56a7
-42b89 (base 15) to base 10
-211854
5575130 (base 8) to base 3
2211111200100
What is 1112443312 (base 5) in base 9?
4572228
Convert 1010000000100110101 (base 2) to base 14.
8775b
Convert -1209b5 (base 15) to base 8.
-3225144
Convert -12340133 (base 5) to base 8.
-354715
Convert -2e02a (base 15) to base 2.
-100100010000111100
Convert 58608 (base 14) to base 15.
43b7b
23170735 (base 9) to base 5
10341001321
Convert -1009db (base 14) to base 9.
-1012386
Convert -61718 (base 10) to base 14.
-186c6
110000011210110 (base 3) to base 5
3113141122
6166625 (base 7) to base 16
b4896
22211210131 (base 4) to base 16
2a591d
What is 22986 (base 15) in base 13?
3b1a2
-c1c3b (base 16) to base 8
-3016073
Convert -20101122201222 (base 3) to base 12.
-117a808
What is -21571234 (base 8) in base 3?
-22202020002110
2123443 (base 10) to base 14
3d3bc7
-56512154 (base 7) to base 11
-2854631
-502054014 (base 6) to base 14
-11b32d4
Convert 1302341 (base 7) to base 12.
81918
Convert -172fa8 (base 16) to base 13.
-41283a
Convert 111300311001 (base 4) to base 16.
570d41
Convert 10426a (base 11) to base 2.
101000101100100101
What is -101b759 (base 13) in base 12?
-177464a
Convert -1112400 (base 5) to base 2.
-100110100001101
-2464152 (base 7) to base 16
-4dbb6
Convert 25955 (base 11) to base 13.
13b5a
-50511445 (base 6) to base 5
-332041440
What is -11440214 (base 5) in base 8?
-324411
Convert 22023221101 (base 4) to base 11.
15633a9
What is -6234553 (base 7) in base 5?
-142421431
What is 1a1334 (base 11) in base 7?
2425302
1171418 (base 11) to base 9
3744128
What is -15603654 (base 9) in base 4?
-131233213012
What is -44876 (base 12) in base 8?
-261732
Convert 110011101111110000 (base 2) to base 10.
211952
Convert 2244378 (base 10) to base 11.
12a3264
-270345 (base 9) to base 15
-33a3e
-177216 (base 15) to base 16
-115cb6
3101361 (base 9) to base 7
20030215
What is 100002221022120 (base 3) in base 10?
4840791
What is bb96a (base 12) in base 10?
248482
4d3241 (base 16) to base 12
183b8a9
What is 638a2 (base 12) in base 10?
130874
100101101111100000 (base 2) to base 8
455740
What is -155541421 (base 6) in base 14?
-635589
Convert -1d9cc (base 14) to base 7.
-434445
Convert -550633 (base 8) to base 10.
-184731
What is 1b0891 (base 12) in base 7?
4031065
46976a (base 15) to base 7
40446460
a746a (base 13) to base 8
1115271
Convert 87616 (base 10) to base 8.
253100
What is 4bb4 (base 15) in base 12?
9414
Convert 101300220 (base 4) to base 3.
10200210020
What is -efac (base 16) in base 12?
-2b610
What is 1121102 (base 3) in base 6?
5232
Convert 17077e (base 15) to base 7.
12324011
What is -5800728 (base 9) in base 12?
-106b552
Convert -10235403 (base 6) to base 9.
-507313
Convert 6be989 (base 15) to base 12.
188b6a9
Convert 33322213 (base 4) to base 12.
31887
Convert 49bb52 (base 12) to base 10.
1202606
What is -10011111101000101110 (base 2) in base 6?
-22003102
-5326736 (base 9) to base 11
-16790a5
What is 337640 (base 9) in base 10?
202455
-67811 (base 14) to base 5
-31020122
Convert 20330033 (base 5) to base 11.
10494a
47122 (base 11) to base 15
15251
3381825 (base 9) to base 11
1037467
What is 1358820 (base 9) in base 11?
4709a1
What is 13402 (base 8) in base 12?
34aa
Convert 41442013 (base 5) to base 7.
2630055
Convert 17ba (base 13) to base 14.
1405
Convert 23355227 (base 9) to base 8.
53306735
Convert 70311675 (base 8) to base 2.
111000011001001110111101
13607c (base 13) to base 4
1302303311
Convert 4130354 (base 6) to base 5.
22322210
738a26 (base 11) to base 6
41205342
-4430210 (base 5) to base 2
-10010110010000010
-149967 (base 14) to base 8
-2572327
-2304401 (base 5) to base 3
-2002112220
Convert 5426802 (base 12) to base 4.
330330330002
634453 (base 9) to base 10
377265
-34414240 (base 5) to base 4
-1023310222
Convert -644144 (base 7) to base 9.
-180442
Convert 178b1 (base 16) to base 15.
1d88d
Convert -7414620 (base 8) to base 10.
-1972624
Convert -2102202201 (base 3) to base 9.
-72681
Convert 661ed5 (base 16) to base 5.
3203130230
Convert -72855 (base 9) to base 7.
-260120
What is 2143331 (base 7) in base 13?
92888
What is 2203413 (base 7) in base 3?
111201120110
Convert 47604 (base 13) to base 14.
35877
-1d7f1 (base 16) to base 14
-3205b
100011011000000000 (base 2) to base 9
240675
What is 7365462 (base 8) in base 16?
1deb32
e667 (base 16) to base 5
3341413
-315770 (base 8) to base 6
-2132132
Convert -5525864 (base 10) to base 7.
-64653251
101111100100101111100000 (base 2) to base 12
4215200
What is -110101100111001110 (base 2) in base 8?
-654716
-1da17 (base 14) to base 3
-10212100101
Convert 11131414 (base 5) to base 12.
49348
213333321 (base 4) to base 13
59757
Convert 314754 (base 8) to base 13.
389c4
Convert -625434 (base 7) to base 10.
-107580
Convert -54cba6 (base 13) to base 8.
-7500334
What is -24730777 (base 9) in base 5?
-11101002430
-2310122 (base 8) to base 7
-5220214
What is 168a9a (base 14) in base 13?
219875
What is 19b10b9 (base 12) in base 5?
2344033222
What is 2a763 (base 12) in base 4?
32212323
-18b84d (base 16) to base 4
-12023201031
Convert 73fe (base 16) to base 8.
71776
What is -136541103 (base 7) in base 6?
-521354210
38937 (base 13) to base 2
11001100101111010
Convert -73436 (base 12) to base 9.
-250056
Convert -265391 (base 11) to base 12.
-181436
3871828 (base 10) to base 11
2204a64
17715344 (base 8) to base 11
2397883
Convert 23155014 (base 6) to base 8.
2564662
10000100100001010 (base 2) to base 14
1aa26
Convert -22202112012 (base 3) to base 7.
-1315463
What is -d5458 (base 15) in base 8?
-2450217
bcba (base 14) to base 15
9a50
What is 16c57 (base 15) in base 9?
122031
Convert 12111102222 (base 3) to base 13.
3a343
-143401 (base 11) to base 6
-4445245
11b860 (base 13) to base 4
1213313223
What is 533727 (base 11) in base 14?
183355
What is 87b50 (base 12) in base 11?
112a59
What is -1001010100001110001 (base 2) in base 9?
-514663
What is -1f726 (base 16) in base 3?
-20112200121
415212 (base 6) to base 3
1201000222
Convert 1e0f5 (base 16) to base 4.
132003311
-2012201222220 (base 3) to base 14
-228750
-12130004132 (base 5) to base 8
-66424511
Convert -8